6 = -16*w + g*w. Let f = 6 + w. Calculate the highest common divisor of 60 and f.
20
Let i(l) = -4*l**3 + l**2 + 6*l - 16. Let v be i(2). Let b be 4*-1 - (v + -7). What is the highest common divisor of 35 and b?
35
Let z be (-2372)/(-18) + 6/27. Let n be (-1 - -89)*(-50)/(-200). Suppose 957 = 7*p + n*p. What is the highest common divisor of p and z?
33
Let z(k) = -102*k - 1221. Let a be z(-12). What is the greatest common divisor of 3273 and a?
3
Let q be 6/((-10968)/(-1216) + -7 + -2). Suppose -3*m - 15 = -63. What is the highest common divisor of q and m?
16
Let i = -384 + 383. Let s be (-149511)/(-344) - i*9/24. What is the highest common factor of s and 30?
15
Suppose f - 13 = 19. Suppose f = n + 3*n. Let x = -4435 + 4459. What is the highest common divisor of n and x?
8
Let l = 26 + -12. Let j = -2672 - -2675. Suppose j*x - 4*b - l = x, -5*b = -25. Calculate the highest common divisor of 187 and x.
17
Let d(b) = -7 - b**2 + 79*b - 58*b - 27*b. Suppose 0 = -u + 4*u + 6. Let m be d(u). Calculate the highest common divisor of 7 and m.
1
Suppose 0 = -13*b + 18*b - 20. Suppose 2*t - 109 = -3*u, b*t - u + 2*u = 243. Calculate the greatest common divisor of t and 62.
62
Let r = 15660 + -14265. Calculate the highest common divisor of 6417 and r.
279
Let k be (6/(-9))/(4/(-150)). Let z(f) = f**2 - 14*f - 5. Let g = 95 + -80. Let l be z(g). What is the greatest common divisor of k and l?
5
Suppose -133*w + 136*w = 165. Suppose 0 = -62*h + w*h + 364. Let k(o) = 25*o + 3. Let q be k(3). Calculate the highest common divisor of q and h.
26
Suppose 9*i = 8*i - 84. Let s be (8 + -3)*i/(-10). Let f be ((-2)/(-2))/(17/34) - -4. What is the highest common factor of f and s?
6
Suppose -4*v + 3*p = -47 - 119, -v + 4*p + 35 = 0. Suppose 5*d - v + 18 = 0. Suppose -63 - d = -2*f. What is the greatest common factor of f and 170?
34
Let y be 32*(0/2 + -1). Let d = 1542 + -1557. Let f be -3*(24/y + d/12). Calculate the highest common divisor of f and 30.
6
Suppose 0 = 15*a + 20*a - 44590. What is the greatest common factor of a and 784?
98
Suppose -58 = 116*a - 118*a + 2*h, -3*a + 83 = h. Calculate the greatest common factor of a and 3430.
14
Suppose -15 = 6*t - 45. Let c(f) = 17 + f - 6 + 12 - t. Let g be c(-6). Calculate the greatest common factor of 84 and g.
12
Suppose b = 4*l - 25, -1 = l - 2. Let j be (-2338)/b + (6/(-9))/(-1). What is the greatest common divisor of 28 and j?
28
Let p = 14114 - 13988. What is the greatest common factor of 27 and p?
9
Suppose 87 = -3*h + y - 99, 4*h + 2*y = -248. Let s = 71 + h. What is the greatest common factor of 135 and s?
9
Let z be 22/231*(1 + 0) - 52390/(-273). Suppose 0 = 4*l + 2*i - 102, -2*l + 5*l + i - 75 = 0. Calculate the highest common divisor of z and l.
24
Let m be 239*(-3)/(-6)*(-4263 - -17)/(-11). Calculate the greatest common factor of 193 and m.
193
Let p = 19 + -11. Suppose -5*k - 329 - 66 = 0. Let c = k + 159. What is the greatest common divisor of p and c?
8
Suppose 7*f = 3966 + 2082. Calculate the greatest common factor of 1872 and f.
144
Let y = 109 - 106. Suppose -4*z + 19 = y*b - 99, 0 = 3*z + 6. Suppose -16*h + 15*h = -b. Calculate the greatest common divisor of h and 63.
21
Let f = 96 + -92. Suppose -116 = -2*o + f*q, 4*o - 4*q = 3*o + 52. Let l be (44 - 25) + (-1 - -2 - -4). What is the greatest common divisor of o and l?
8
Suppose -13*c + 55188 = 23*c. What is the highest common divisor of 105 and c?
21
Let k = -212 - -220. Let b(d) = -27*d + 7. Suppose 6*h - h + 15 = 0. Let u be b(h). What is the highest common factor of k and u?
8
Let c be 392/(-42)*(72/70)/((-18)/1215). What is the highest common factor of c and 2862?
54
Let t(g) = 190*g + 1151. Let h be t(-6). Calculate the greatest common divisor of 6556 and h.
11
Suppose -3057*w - 3054*w = -6075*w - 612. Suppose -2*a + 187 = -a. What is the highest common divisor of w and a?
17
Suppose -27 + 206 = 53*v - 245. Calculate the highest common factor of 6 and v.
2
Let g be ((-125)/50)/((-35)/35896). What is the highest common divisor of g and 4?
4
Let l(y) = 7*y**3 + 8*y**2 + 12*y + 1. Let v be l(-2). Let f = v + 113. Suppose 0 = i - 3, 5*i - 345 = -3*k + k. Calculate the highest common factor of f and k.
33
Let j = -3320 + 4160. What is the greatest common divisor of j and 3192?
168
Let j = 0 + 93. Suppose -g = 2*a + 6 - 33, 2*a = -4. Calculate the greatest common factor of j and g.
31
Suppose 10*p = 14*p + 128. Let m be (0 + (-1)/(-1))/((-16)/p). Let f = -27 + 34. What is the highest common divisor of m and f?
1
Let i(g) be the second derivative of -1/12*g**4 + 1/2*g**2 + 0 + 44*g + 1/20*g**5 + 1/3*g**3. Let x be i(0). Calculate the greatest common factor of 17 and x.
1
Suppose 16 = -3*z - 4*b + 39, -3*z + 4*b + 55 = 0. What is the highest common factor of z and 4914?
13
Let g(l) = -l**2 + 14*l - 9. Let z be g(13). Let k = -1825 + 1875. Calculate the greatest common factor of k and z.
2
Suppose -5*f - 399 = 2*r - 4*r, -4*f = -r + 195. Suppose 7*u = -31*u + 342. Calculate the greatest common factor of r and u.
9
Let k be (127 - 112)*(391 + -3). What is the greatest common divisor of k and 130?
10
Suppose -146*o + 4381 - 97 = -129*o. Calculate the highest common factor of 11844 and o.
252
Suppose 0 = -14*a + 7950 + 7212. Let n = a + -491. Calculate the greatest common divisor of 74 and n.
74
Let o be -10 + 10 - (-7 + 2). Suppose -o*d = -2*w + 210, -4*d = 4*w + 15 - 435. What is the greatest common factor of 21 and w?
21
Let r(k) be the third derivative of 23*k**4/24 + 5*k**3 - 23*k**2. Let o be r(10). Let i = 368 - o. Calculate the highest common factor of i and 270.
54
Suppose -5*y = -50 - 10. Let i be (-4)/y + (-80)/(-6). Suppose 957 + 135 = 21*f. What is the greatest common factor of i and f?
13
Let a be (-108 - 2)/(2/(-2)). Let f be (-1 + -17)*-2*(-2)/(-2). Suppose 6*i - 24 = f. What is the greatest common divisor of i and a?
10
Let k be (-6)/9*14*(-66)/88. Let o be 12/(-13 + k) - -17. Calculate the greatest common factor of 720 and o.
15
Let q = 6229 + -5953. Calculate the greatest common divisor of q and 782.
46
Suppose 56*x - 54*x = 544. Suppose -5*w - 25 = 0, 4*w = 4*d + 73 - 229. Calculate the highest common factor of x and d.
34
Let j be ((-12)/5)/(((-414)/60)/23). Let m be (-1 - -49)/(10/j - 1). Calculate the highest common divisor of m and 24.
24
Suppose -166*z + 404*z - 76384 = 210*z. What is the greatest common factor of z and 5797?
341
Let f = 1855 - 1843. Let d = -9 + 14. Suppose d*n + 30 = 270. Calculate the greatest common divisor of f and n.
12
Let s be (-24)/9*60/(-40). Calculate the greatest common factor of 648 and s.
4
Let m be (-98)/(-6 - 1)*(-1)/(-2). Suppose m*r = 15*r - 544. Calculate the highest common factor of 2 and r.
2
Let t be 126/33 - ((-316)/44 - -7). Suppose t*s - 5*p - 123 = 0, -4*s - s + 4*p = -156. Calculate the greatest common factor of 176 and s.
16
Let t(h) = -20*h + 84. Suppose -47*m = -35*m. Let s be t(m). Calculate the greatest common factor of s and 560.
28
Suppose 5*p - 3 = 2*p, 0 = 4*q + 3*p + 25. Let n be -1*(q - (-9)/3). Calculate the highest common factor of 108 and n.
4
Let g(h) = -h - 48. Let d be g(7). Let j be d/((-7)/42*5). What is the greatest common divisor of j and 297?
33
Let t be (-36)/(-558) + 23062/31. What is the greatest common factor of t and 279?
93
Suppose -33*c - 3*c = -72. Suppose -4*r = c*d - 352, -6*d + 5*r + 148 = -5*d. Calculate the greatest common factor of 56 and d.
56
Let x be 10 + -249 + 2 + 1. Let t = x - -273. What is the highest common divisor of 37 and t?
37
Let v be (-25)/((-125)/690)*(-280)/(-15). What is the greatest common factor of v and 16?
16
Let p be 15/(3465/17347) - (-2)/(-21). Let z(c) = 7*c + 4. Let x be z(3). What is the highest common divisor of x and p?
25
Suppose 4*l + 7*x = 12*x + 1497, 3*l = 5*x + 1119. Suppose 144*y - l = 137*y. What is the highest common factor of y and 6?
6
Let j(m) = -8*m + 82. Let g be j(10). Suppose q - 99 = -3*i - 3*q, 0 = -g*i + 3*q + 49. Calculate the greatest common divisor of i and 899.
29
Let i(r) = r**2 - 5*r + 1. Let h be i(6). Suppose -9*o + 12 = -12*o, 4*z - 1012 = -6*o. What is the highest common factor of h and z?
7
Suppose -39 - 25 = -8*r. Suppose -2*f - r = j - 3*f, -2*j - 26 = 3*f. Let n be j/(-1) + (-3 - 